 7?
-3133
What is -1400 (base 10) in base 15?
-635
-1381 (base 11) to base 7
-5125
What is 49b3 (base 16) in base 13?
8784
Convert 3113 (base 4) to base 3.
21222
-11000011011 (base 2) to base 8
-3033
What is 2515 (base 9) in base 4?
131111
-288c3 (base 13) to base 6
-1344453
Convert 326122 (base 7) to base 11.
3a0a3
-1195 (base 11) to base 9
-2118
What is 1202221 (base 3) in base 15?
5b4
Convert 195a (base 15) to base 6.
41221
What is 93 (base 14) in base 6?
333
Convert 2736 (base 8) to base 6.
10542
What is -7533 (base 12) in base 13?
-5b0b
Convert -53 (base 13) to base 16.
-44
3a9 (base 13) to base 6
2554
Convert -4b6c (base 15) to base 10.
-16077
1011011000 (base 2) to base 8
1330
1762 (base 8) to base 10
1010
What is 1297 (base 15) in base 13?
1a62
-211212 (base 3) to base 16
-269
What is 1116 (base 11) in base 10?
1469
What is -3ab (base 15) in base 14?
-43a
What is -82c (base 14) in base 6?
-11240
Convert -21340 (base 5) to base 14.
-770
-10240 (base 5) to base 8
-1267
What is -123103 (base 4) in base 15?
-7b7
-123012 (base 4) to base 15
-7a9
What is -110121 (base 3) in base 16?
-154
Convert 93 (base 14) to base 3.
11210
What is 240402 (base 6) in base 2?
101000110010010
-d40 (base 15) to base 14
-1133
Convert -451636 (base 7) to base 4.
-103200121
Convert -1061 (base 7) to base 5.
-3021
22012 (base 5) to base 13
8bc
5464 (base 8) to base 13
13c8
What is -7878 (base 12) in base 13?
-60c2
Convert 33422 (base 6) to base 5.
122234
What is -200211000 (base 3) in base 8?
-32624
What is -17332 (base 8) in base 13?
-3797
What is 639 (base 15) in base 2?
10101111100
-3323230 (base 4) to base 11
-11114
Convert 5356 (base 7) to base 2.
11101101111
Convert -48572 (base 9) to base 14.
-bc0a
Convert 31406 (base 9) to base 4.
11010012
-5c63 (base 13) to base 12
-76b2
1b57 (base 13) to base 15
1353
Convert -11130 (base 9) to base 4.
-1303212
What is 714b (base 14) in base 3?
222201011
Convert 1483 (base 9) to base 15.
503
Convert a4d8 (base 16) to base 5.
2322300
Convert 3fa (base 16) to base 15.
47d
Convert -321051 (base 6) to base 16.
-6637
723 (base 8) to base 11
395
What is 5222 (base 7) in base 3?
2111202
What is -694 (base 13) in base 15?
-50a
Convert -2110001 (base 3) to base 12.
-1047
What is 301 (base 15) in base 14?
364
What is 404 (base 7) in base 6?
532
-1127 (base 9) to base 15
-3aa
Convert -6832 (base 11) to base 8.
-21435
What is 4744 (base 14) in base 12?
7220
Convert -14253 (base 7) to base 15.
-1259
Convert -2486 (base 15) to base 6.
-100000
Convert -2b69 (base 12) to base 15.
-17b6
What is 9577 (base 11) in base 2?
11000101111100
Convert 1141 (base 8) to base 16.
261
Convert -cca (base 13) to base 5.
-32234
What is -7067 (base 14) in base 2?
-100101101100011
What is -10302 (base 4) in base 8?
-462
What is -36236 (base 7) in base 14?
-35c6
What is 665 (base 14) in base 3?
1201212
Convert -202010111 (base 3) to base 8.
-34522
What is 15c3 (base 16) in base 13?
26c7
What is -21569 (base 12) in base 8?
-125741
Convert -112121 (base 3) to base 2.
-110001010
Convert 6897 (base 12) to base 3.
120221221
Convert -1010111000110011 (base 2) to base 13.
-173b5
What is -6d71 (base 14) in base 10?
-19111
What is 14226 (base 7) in base 9?
5303
-8cb4 (base 14) to base 5
-1240322
Convert 302d (base 15) to base 14.
39c4
5056 (base 9) to base 11
2860
What is 461250 (base 7) in base 8?
240276
Convert 70aa (base 14) to base 6.
225342
What is 700 (base 8) in base 10?
448
89e5 (base 16) to base 7
204630
What is -11865 (base 9) in base 15?
-2582
What is 647 (base 14) in base 3?
1200220
Convert -3443 (base 8) to base 2.
-11100100011
Convert -21030 (base 4) to base 3.
-210210
What is -1a406 (base 12) in base 15?
-b683
-938 (base 14) to base 3
-2111012
What is -9bb (base 12) in base 2?
-10110011111
33231 (base 4) to base 12
6b9
111b (base 15) to base 14
1470
Convert 118d (base 16) to base 2.
1000110001101
262 (base 9) to base 16
da
Convert 135d (base 16) to base 11.
37a7
Convert 7063 (base 11) to base 15.
2bab
Convert -19297 (base 10) to base 12.
-b201
What is -1102020122 (base 3) in base 7?
-144200
What is -a (base 12) in base 8?
-12
What is 1203333 (base 4) in base 12?
3853
What is -1011011 (base 3) in base 9?
-1134
Convert 17d (base 15) to base 11.
292
What is -2126 (base 11) in base 14?
-104b
What is -624 (base 8) in base 6?
-1512
Convert -2977 (base 10) to base 2.
-101110100001
Convert 7501 (base 14) to base 11.
14194
Convert 3330 (base 7) to base 5.
14242
-575 (base 8) to base 12
-279
What is -73661 (base 8) in base 11?
-21026
Convert 682 (base 12) to base 2.
1111000010
251 (base 15) to base 2
1000001110
Convert -10100110100010 (base 2) to base 11.
-800a
What is -674 (base 16) in base 12?
-b58
-1222322 (base 4) to base 10
-6842
Convert 22122220 (base 3) to base 5.
200230
What is -6960 (base 10) in base 12?
-4040
What is 5022 (base 6) in base 11?
905
What is -15063 (base 8) in base 10?
-6707
Convert 242 (base 16) to base 13.
356
What is -25315 (base 8) in base 2?
-10101011001101
-202023 (base 4) to base 12
-1323
What is 2010 (base 3) in base 9?
63
Convert -6699 (base 12) to base 5.
-330344
Convert -711 (base 13) to base 4.
-102231
What is 206115 (base 7) in base 4?
20232111
Convert -310012 (base 4) to base 5.
-101314
-256b (base 15) to base 6
-100532
Convert -444 (base 6) to base 3.
-20101
What is 16831 (base 11) in base 16?
5c4d
What is -5500 (base 7) in base 6?
-13024
-410021 (base 5) to base 3
-200000112
cbbb (base 13) to base 15
861c
What is -201121 (base 3) in base 13?
-319
651 (base 9) to base 15
257
Convert -11101 (base 7) to base 4.
-223222
Convert 20002001 (base 3) to base 7.
15625
What is 14044 (base 5) in base 10?
1149
What is 612 (base 10) in base 12?
430
1153 (base 8) to base 15
2b4
What is 14a4 (base 16) in base 13?
2536
What is -414 (base 10) in base 7?
-1131
1245 (base 14) to base 16
c7d
What is 584 (base 9) in base 11?
3a8
What is 1011101001010 (base 2) in base 14?
225c
What is -1547 (base 10) in base 8?
-3013
Convert -39304 (base 10) to base 2.
-1001100110001000
What is -d5 (base 15) in base 8?
-310
3201 (base 6) to base 9
881
1210000122 (base 3) to base 16
88c1
What is 2102110 (base 3) in base 12?
1033
Convert 11220221 (base 3) to base 2.
111000000101
Convert -2975 (base 15) to base 11.
-6748
Convert -1ce5 (base 16) to base 2.
-1110011100101
What is 7082 (base 9) in base 3?
21002202
-111111 (base 3) to base 10
-364
Convert -22981 (base 13) to base 5.
-4010032
What is -1168 (base 12) in base 3?
-2200022
14b (base 15) to base 11
24a
-3ab2 (base 14) to base 11
-7858
Convert 9a1 (base 15) to base 14.
b16
What is -ba (base 15) in base 3?
-20111
Convert 1220020 (base 4) to base 14.
2600
-20852 (base 11) to base 16
-7663
1bb4 (base 16) to base 2
1101110110100
Convert -7a2 (base 13) to base 15.
-5ca
What is -247 (base 15) in base 11?
-430
Convert -130131 (base 6) to base 15.
-3714
123 (base 16) to base 10
291
-1a9c (base 13) to base 7
-14465
-115300 (base 6) to base 9
-15060
Convert 311026 (base 7) to base 4.
30333001
What is 32471 (base 9) in base 12?
10561
What is 6301 (base 12) in base 2?
10101000110001
What is -14334 (base 5) in base 15?
-564
17cad (base 15) to base 3
10220210001
Convert 12321122 (base 4) to base 14.
a41c
Convert -2575 (base 8) to base 13.
-841
What is 22113211 (base 4) in base 10?
42469
What is -2907 (base 15) in base 2?
-10001001001110
What is 1010000001100 (base 2) in base 9?
7032
What is 22c31 (base 14) in base 9?
138177
What is -12300013 (base 4) in base 11?
-19861
Convert 16349 (base 12) to base 7.
161052
1184 (base 14) to base 6
22052
Convert -b82 (base 12) to base 15.
-772
Convert -1110000010 (base 2) to base 4.
-32002
What is -a9 (base 13) in base 10?
-139
What is -14541 (base 7) in base 10?
-4047
Convert -351344 (base 6) to base 2.
-111010111010000
What is -11222221 (base 3) in base 4?
-320323
Convert -3330 (base 4) to base 12.
-190
-399 (base 10) to base 2
-110001111
What is 2e80 (base 16) in base 12?
6a80
Convert 14297 (base 13) to base 2.
1001001110110011
Convert -2311 (base 5) to base 4.
-11023
Convert 4127 (base 10) to base 9.
5585
What is 14247 (base 9) in base 6?
112454
What is -266 (base 12) in base 15?
-196
Convert 9cc (base 16) to base 5.
40013
What is -2112 (base 5) in base 15?
-13c
What is 603 (ba